 4, what is 113000 + 101302?
220302
In base 14, what is a - 70?
-64
In base 4, what is 113030 + 23100?
202130
In base 9, what is 3 - 5261?
-5257
In base 14, what is -a168 + -1a?
-a184
In base 6, what is -10304110 - -12?
-10304054
In base 9, what is -10007 + -8?
-10016
In base 6, what is -440 + 550?
110
In base 2, what is 100 + -11010110111100?
-11010110111000
In base 9, what is 2 + 3423786?
3423788
In base 5, what is -221 + -12221?
-12442
In base 10, what is 3 - -231019?
231022
In base 6, what is 101 - 4515?
-4414
In base 5, what is -14 + -1412?
-1431
In base 5, what is 13024241 - 0?
13024241
In base 2, what is 100 + -111001110100?
-111001110000
In base 8, what is 0 + -662660?
-662660
In base 10, what is -125 + -211?
-336
In base 6, what is -5304 + -330?
-10034
In base 5, what is -23222 - -11023?
-12144
In base 16, what is -1a414 - 5?
-1a419
In base 6, what is 5 + -3053324?
-3053315
In base 15, what is -8 + -1689?
-1692
In base 4, what is -113 - -102131?
102012
In base 5, what is -4 - 111042220?
-111042224
In base 9, what is -4632 + 653?
-3868
In base 4, what is -312 - -210220122?
210213210
In base 3, what is -210102120 - -110?
-210102010
In base 11, what is 387 + -80?
307
In base 10, what is 16 + 75224?
75240
In base 6, what is -11243 + -4?
-11251
In base 16, what is -b96 - -6?
-b90
In base 4, what is -2 - -3310312311?
3310312303
In base 3, what is 101020 + -1021012?
-212222
In base 2, what is 1000110011101011 + 1010011?
1000110100111110
In base 9, what is -56363 - -1?
-56362
In base 5, what is -22344441 + 0?
-22344441
In base 5, what is -32 - 21242?
-21324
In base 12, what is -56 - 2957?
-29b1
In base 3, what is 11100 + 221200?
1010000
In base 13, what is -392549 + -3?
-39254c
In base 13, what is -1a - 257?
-274
In base 11, what is a - 13596?
-13587
In base 13, what is -34b44 + 4?
-34b40
In base 2, what is -1110111111100111101 - -11?
-1110111111100111010
In base 14, what is -763 + 2d?
-734
In base 8, what is -4 - -305567?
305563
In base 9, what is -123 - 15364?
-15487
In base 11, what is -3 - -136?
133
In base 15, what is -4 + -219ed?
-21a02
In base 13, what is -3 + 71613?
71610
In base 3, what is 1 - -102212222?
102220000
In base 7, what is 4 - -132155?
132162
In base 14, what is -1 + -cac7a?
-cac7b
In base 15, what is cc + 393?
470
In base 4, what is 132 + 23222203?
23223001
In base 13, what is -2555 + 2?
-2553
In base 7, what is 56 + 10215?
10304
In base 16, what is 38ece - -7?
38ed5
In base 5, what is -1202242 - -32?
-1202210
In base 9, what is -543 - -16?
-526
In base 6, what is -43221 + -313?
-43534
In base 7, what is 1445 - 21?
1424
In base 7, what is -1542 - -101?
-1441
In base 9, what is -60 + -40032?
-40102
In base 12, what is -2 + 7a03?
7a01
In base 16, what is -7 + 28ca4?
28c9d
In base 5, what is -3 - -3333104?
3333101
In base 12, what is -697 + 874?
199
In base 10, what is 230879 - 5?
230874
In base 7, what is -21525 + 15?
-21510
In base 3, what is -22 + -2022222002?
-2022222101
In base 7, what is -522113 + -5?
-522121
In base 12, what is 11 + -246?
-235
In base 3, what is -1011120200 - -12?
-1011120111
In base 2, what is 100011101100010 - 1010?
100011101011000
In base 6, what is -1131 + 131?
-1000
In base 3, what is 22100 - -1022121?
1121221
In base 14, what is -2552 - 6?
-2558
In base 5, what is 132331043 + -3?
132331040
In base 10, what is 125 + -199?
-74
In base 9, what is 48325 - 2?
48323
In base 4, what is 13031030 - 12?
13031012
In base 7, what is 535243 + 4?
535250
In base 9, what is -8067 - 153?
-8231
In base 14, what is 56 - -7?
5d
In base 14, what is -1 + -4581?
-4582
In base 3, what is 110100202 - -102?
110101011
In base 7, what is -51446352 - 4?
-51446356
In base 15, what is -16cc8 + 4?
-16cc4
In base 5, what is -1140 + -14332?
-21022
In base 10, what is 38 + 717?
755
In base 2, what is -1100 - 101110000000010?
-101110000001110
In base 9, what is 6607 - -1?
6608
In base 4, what is -1021203 - -1?
-1021202
In base 5, what is -240 - -24033?
23243
In base 10, what is 3 - 3891?
-3888
In base 10, what is -5198 + 13?
-5185
In base 4, what is -2 - -232221333?
232221331
In base 15, what is 2 - a5c4?
-a5c2
In base 7, what is -462 + 312?
-150
In base 10, what is -119535 - 2?
-119537
In base 6, what is -243 + -1413?
-2100
In base 11, what is -2 - -4031?
402a
In base 13, what is 0 - 35a9?
-35a9
In base 7, what is -1 + -1106133?
-1106134
In base 7, what is -10342 + -662?
-11334
In base 14, what is -14 - -70?
5a
In base 8, what is -4 - 661777?
-662003
In base 8, what is 1404 + 46?
1452
In base 15, what is -6e1 + 11b?
-5c5
In base 14, what is 16 + -302a?
-3014
In base 9, what is 4760626 - 1?
4760625
In base 8, what is -6 + 134630?
134622
In base 16, what is -4e + -1b?
-69
In base 14, what is 8 - -6aa1?
6aa9
In base 8, what is 234 - 1715?
-1461
In base 2, what is -101101110 + 10001101?
-11100001
In base 9, what is -205 + -483?
-688
In base 3, what is -122010 - 2121?
-201201
In base 9, what is -1 + -66380?
-66381
In base 15, what is 14240 - -1?
14241
In base 3, what is 0 + 21122121?
21122121
In base 10, what is 1867 + 24?
1891
In base 7, what is -30 + 23416?
23356
In base 2, what is 11001101000011 - -1?
11001101000100
In base 9, what is -8 + 2513?
2504
In base 13, what is -1a5 + 0?
-1a5
In base 5, what is 1141111 - -1?
1141112
In base 2, what is 1100100100011 + 111001?
1100101011100
In base 14, what is -3 + -12558?
-1255b
In base 3, what is 120120012 + -12010?
120101002
In base 3, what is 110012 - 122111?
-12022
In base 8, what is 426 + 322?
750
In base 7, what is 2 + 3526?
3531
In base 14, what is -2110 + -1c?
-212c
In base 11, what is 1 - 137a0?
-1379a
In base 13, what is 2a31 - 8?
2a26
In base 11, what is -3 + 43878?
43875
In base 4, what is 11130 - 10?
11120
In base 13, what is 5516 - 0?
5516
In base 6, what is -1031 - -13?
-1014
In base 8, what is 5 - 31420?
-31413
In base 9, what is -20641 - -6?
-20634
In base 16, what is -1 + bcbd?
bcbc
In base 8, what is 3752 + 463?
4435
In base 8, what is 10 + -65235?
-65225
In base 9, what is 1312 + -148?
1153
In base 15, what is 0 + 24c2a?
24c2a
In base 4, what is -2012 - -10211212?
10203200
In base 13, what is 5916 + 1?
5917
In base 15, what is b220 - -7?
b227
In base 4, what is 313001012 + -21?
313000331
In base 14, what is 10b99 - 2?
10b97
In base 3, what is 0 + 1012121210?
1012121210
In base 10, what is -12 - -4344?
4332
In base 15, what is 1433 - 2e?
1404
In base 6, what is 3 + -10114534?
-10114531
In base 7, what is 40001 + 1311?
41312
In base 15, what is 3 + 119c4?
119c7
In base 2, what is 101 + -1001010101100?
-1001010100111
In base 11, what is -5 - 8046?
-8050
In base 11, what is -443a + -6a?
-44a9
In base 3, what is -2202221 - -12212?
-2120002
In base 5, what is 44412133 + 2?
44412140
In base 6, what is 15 - -1322?
1341
In base 16, what is -22 - 14c3d?
-14c5f
In base 15, what is -2e9ce + 3?
-2e9cb
In base 13, what is 6 + 275c?
2765
In base 2, what is 11110110101 - 1010?
11110101011
In base 7, what is 1 + -16040?
-16036
In base 3, what is -200 + -200002022?
-200002222
In base 4, what is -2233 + 100301?
32002
In base 2, what is 11000000001000000 + -101?
11000000000111011
In base 12, what is 2795 + 179?
2952
In base 8, what is -572465 + -5?
-572472
In base 12, what is 1b - 14a2?
-1483
In base 6, what is -4 - 11333241?
-11333245
In base 12, what is -b4 - 971?
-a65
In base 12, what is 1132 + -349?
9a5
In base 11, what is -3a0555 + 2?
-3a0553
In base 6, what is 3 + -1124545?
-1124542
In base 3, what is 1 + 11120010001?
11120010002
In base 2, what is 10010010001110001 + -101?
10010010001101100
In base 6, what is 414010 - -3?
414013
In base 12, what is a2 + -18a4?
-1802
In base 6, what is -120120 + -102?
-120222
In base 9, what is -3 + -43225?
-43228
In base 6, what is -400 - 53051?
-53451
In base 4, what is 1001132 - -3321?
1011113
In base 10, what is -5 + -4806?
-4811
In base 4, what is 0 + 30031?
30031
In base 10, what is 669 + -75?
594
In base 6, what is -51 + 1225002?
1224511
In base 12, what is 5 - 1ba48?
-1ba43
In base 12, what is -a + -1297?
-12a5
In base 9, what is -5 - -2003420?
2003414
In base 10, what is 6 - 14966?
-14960
In base 13, what is -a1917 - 2?
-a1919
In base 14, what is -24 - -b4d?
b29
In base 9, what is -5 + -26065?
-26071
In base 9, what is -7080 + -24?
-7114